 - v + 15. Suppose v*x + y - 63 = 0, -x = 6*y - 2*y - 32. List the prime factors of x.
2, 5
Suppose 110 = 3*h - 223. List the prime factors of h.
3, 37
Let h = -207 + 445. What are the prime factors of h?
2, 7, 17
What are the prime factors of 8/(-10)*3/6*-175?
2, 5, 7
Suppose 4*a - 2*b = 17 + 23, -5*b + 35 = 5*a. Suppose 5*o - 2*o = a. Suppose -4*d + 4*m + 32 = 0, o*d - 4*d = -4*m - 11. What are the prime factors of d?
7
Let n(u) = -u**2 - 4*u. Suppose -g = -2*q + 4*g + 9, -3*q - 3*g = 18. Let l be n(q). Suppose -42 + 7 = -5*h + l*m, -4*h - m = -11. List the prime factors of h.
2
Let k(w) = -2*w**3 - 2*w - 1. Let d be k(-1). Let q(m) = -2*m + m + 1 + d*m. List the prime factors of q(5).
11
Let n be 9*-1*(-4)/(-4). Let o(f) = -f + 11. What are the prime factors of o(n)?
2, 5
List the prime factors of 1/(-3) - ((-1032)/9)/2.
3, 19
Let s be 3*(2 + -3) - -19. Suppose 0 = -4*n - s, -4*m + 2*n + n = 0. List the prime factors of m/(6/(-32) + 0).
2
Suppose -g + 5*g - 2*h = 2, 2*g = 5*h - 11. Suppose -4*l - g = -14. Suppose 9 = l*s - 9. What are the prime factors of s?
2, 3
Let y = 504 - 278. What are the prime factors of y?
2, 113
Suppose 0*l + 170 = 2*l. List the prime factors of l.
5, 17
What are the prime factors of ((-47)/3)/(-3 + (-32)/(-12))?
47
Let w(q) = 1. Let b(r) = 3*r + 9. Let p(j) = b(j) - 15*w(j). Let h(u) = -u**2 - 8*u - 6. Let c be h(-6). What are the prime factors of p(c)?
2, 3
Let w(g) = g - 3. Let h(m) = -m**2 + m + 10. Let i be h(0). Suppose 5*a - 3*a - i = 0. List the prime factors of w(a).
2
Suppose -8 = -4*s + 4. Suppose 2*i - 47 + 127 = s*w, -w = -2*i - 32. List the prime factors of w.
2, 3
Let d be (-33)/(-12)*(-3 - 1). Let c(w) = w + 16. What are the prime factors of c(d)?
5
Let z be 0 + 14 + 1 + 0. Let f = -8 + z. Suppose -2*v + f = -7. List the prime factors of v.
7
Let c = 0 - 6. Let d(m) = -m**3 - 5*m**2 + 5*m + 5. Let b be d(-6). Let n = b + c. What are the prime factors of n?
5
Suppose -3*c + 3 = -2*c. Suppose -c*s - 2 + 11 = -5*u, -3*u = s - 17. What are the prime factors of s?
2
Suppose -4*w = 64 - 416. List the prime factors of w.
2, 11
Suppose -2*x - 38 - 20 = 0. Let w = 42 + x. What are the prime factors of w?
13
Suppose b = 5*g - 262, -3*g - 3*b = 2*g - 254. List the prime factors of g.
2, 13
Suppose -5*i + 6*z = 3*z - 526, 2*i - 2*z = 208. What are the prime factors of i?
107
Suppose -7*m + 2 = -6*m. Let l be (258/(-9))/((-2)/3). Suppose 2*p = 5*n + 3, l = m*p + 2*n + n. List the prime factors of p.
2, 7
Suppose -2*p = 3*p. Suppose p = f + 5*a - 61, 4*a = -4*f + 43 + 121. What are the prime factors of f?
2, 3
Let k be 178/5 - 4/(-10). Let c = 53 - k. List the prime factors of c.
17
Let u(o) = -2*o**3 + o**2 - 5*o + 4. Let w be ((-4)/(-6))/(2/9). Let h be u(w). Let v = -40 - h. List the prime factors of v.
2
Let h(z) = z**2 + 15*z - 22. List the prime factors of h(-24).
2, 97
Suppose 0 = -3*x - j + 8, -1 = -5*x - 2*j + 12. Suppose -6*t - 95 = -5*m - x*t, 0 = -4*m - t + 76. List the prime factors of m.
19
Suppose 3*h - 216 = i + 46, -2*i = -5*h + 436. List the prime factors of h.
2, 11
Let i(v) = v**2 + 5*v + 5. Let l be i(-4). Suppose 10 = -5*z - 5*y - 25, -5*y = 3*z + 31. Let t = l - z. What are the prime factors of t?
3
Let u = 8 - 10. Let i be u - (2 + (-9)/1). Suppose -8*f = -i*f - 33. List the prime factors of f.
11
Suppose 4*k - 4*v + 18 = 130, 4*k - 112 = -3*v. Let y = -22 + k. List the prime factors of y.
2, 3
Suppose h = -d + 6 + 2, 2*h + d - 13 = 0. Suppose -3*l - v = -89, h*l = 2*v - v + 159. What are the prime factors of l?
31
Let h(o) = -o**2 + 9*o - 5. Let k be h(8). Suppose -106 = -5*p - 3*g + 5*g, -k*p = -2*g - 66. What are the prime factors of p?
2, 5
Suppose 2*b = 2*h + 3*b - 7, -3*h - 2*b = -8. Suppose 0 = 4*k - h - 6. Suppose -k*i - 2*l + 82 = -0*l, -5*l + 97 = 3*i. What are the prime factors of i?
2, 3
Let w = -71 - -134. What are the prime factors of w?
3, 7
Let j(q) = -6*q + 1. Let d(b) = b - 1. Let v(m) = -5*d(m) - j(m). List the prime factors of v(11).
3, 5
Let t(o) = -o**2 - 29*o - 49. What are the prime factors of t(-20)?
131
Suppose 4*o - 928 = -4*n, 5*o + n - 1132 = 3*n. What are the prime factors of o?
2, 3, 19
Let m(n) = -n + 1. Let t be m(12). Let q = 18 + t. List the prime factors of q.
7
Let k(l) = -2*l**3 + 14*l**2 - 14*l + 8. Let x(t) = -3*t**3 + 21*t**2 - 21*t + 12. Let s(j) = -8*k(j) + 5*x(j). List the prime factors of s(6).
2
Let c(y) be the third derivative of 0*y + 1/6*y**4 - 2*y**2 + 0 + 1/60*y**5 + 5/6*y**3. What are the prime factors of c(-5)?
2, 5
Let t be -1 + 2 - 4/1. Let u be (-3)/(-9)*0*1. What are the prime factors of (-2 - t - u)*4?
2
Let b = -227 + 390. Suppose -5*h - 2*g = -b, -7 = h + 4*g - 36. List the prime factors of h.
3, 11
Suppose -188 = -5*o - 8. What are the prime factors of o?
2, 3
Let x be (-1*2)/((-8)/12). Suppose 20 = -x*q + q - 5*a, 4*q - 3*a - 12 = 0. Suppose q = -5*c + o + 46, -15 = -c + 4*o - 2. What are the prime factors of c?
3
Let j(p) = 2 + 0 + p**3 - 3*p**2 + 0*p**2. List the prime factors of j(4).
2, 3
Let z = 13 - 15. Let c(w) = -2*w - 7. Let y be c(-5). What are the prime factors of y + 1 + 1 + z?
3
Let v(u) = -10 + 0*u**3 + u**3 - 5*u**2 + 13*u**2 + 4*u + u. What are the prime factors of v(-7)?
2
Let l(y) = y**3 - y**2 + 3*y - 6. List the prime factors of l(3).
3, 7
Suppose -a + 3*a = 30. List the prime factors of a.
3, 5
Suppose 365 = 5*k + 2*p - 6*p, -3*p = 5*k - 330. List the prime factors of k.
3, 23
Suppose -2*n = -2*o + 44, -173 = -5*o + n - 51. Let v = o - -14. What are the prime factors of v?
3, 13
Let v = 6 - -2. List the prime factors of v.
2
Let l(o) = -4*o. Let x be l(2). Let n = -2 - x. List the prime factors of 52/n - 4/6.
2
Let a be (-6)/(3 - 0) + 7. Suppose -2*z = 5*v - 93, a*v + 0*v = -5*z + 90. What are the prime factors of v?
19
Suppose 0 = 4*g + 5*y - 137, -2*y - 3*y = 15. Let r = 58 - g. List the prime factors of r.
2, 5
Let r = -7 + 16. Let k(g) be the first derivative of -g**4/4 + 3*g**3 + g**2/2 - 5*g - 4. List the prime factors of k(r).
2
Let j = 43 + 2. Suppose -4*v + 46 = 2*z, -3*z - 2*z + j = 5*v. List the prime factors of v.
2, 7
Suppose v = -v - 22. Let k = v - -21. Let i = k - 5. What are the prime factors of i?
5
Let m(y) be the third derivative of y**5/20 - y**4/8 - y**3/2 - 5*y**2. What are the prime factors of m(3)?
3, 5
Let p = -14 + 26. List the prime factors of p.
2, 3
Let i be ((-4)/10)/((-2)/120). Let w be i/(-15)*(-15)/6. Suppose 14 = 3*n - u, 0 = -0*n - 2*n + w*u + 16. What are the prime factors of n?
2
Suppose 3*d + 4 + 2 = -3*o, 4*o + d - 4 = 0. Suppose 10 = 4*k - o. Let z = 2 + k. What are the prime factors of z?
5
Let a(k) = -6*k**3 + 2*k - 4. Let l = 0 - 2. Let v(w) = 5*w**3 - w + 3. Let d(z) = l*a(z) - 3*v(z). What are the prime factors of d(-1)?
3
Suppose n = -2*n + 6. Let g = 5 - n. Suppose -g*a + b + 38 = 0, 0 = 2*b - 0 + 4. List the prime factors of a.
2, 3
Let z = 169 + -113. Suppose 3*x - z = -x. List the prime factors of x.
2, 7
Let g(z) = 2*z + 1. List the prime factors of g(7).
3, 5
Let f = 195 + -118. What are the prime factors of f?
7, 11
Let w = 1 + 1. Suppose w*z - 6 = -18. What are the prime factors of -4*15/z*1?
2, 5
Let z(t) = 34*t - 24. List the prime factors of z(3).
2, 3, 13
Suppose 4*m + 63 = -3*d, -3*m - 4*d = 59 - 3. Let u be 2*(-2)/(m/9). List the prime factors of (-5)/(u*-1 + 2).
5
Let v(y) = 2*y**2 - y - 1. Let x be v(-1). Suppose x*a = -2*g + 36, -54 = -5*g - 2*a + 6*a. List the prime factors of g.
2, 7
Let m = -187 - -305. What are the prime factors of m?
2, 59
Let l(k) = -k + 13. Let p be (1 - 0)/(-3)*0. Let g be l(p). Suppose u - g = -3*b, -35 = -2*b - 5*u - 9. What are the prime factors of b?
3
List the prime factors of ((-2)/(-6))/((-3)/(2 - 3179)).
353
Suppose -3*q = -0*q - 9. Suppose -q*n + 24 = n. What are the prime factors of n?
2, 3
List the prime factors of -1 + 3 + 43 + -25.
2, 5
Suppose -10*u - 37 + 157 = 0. List the prime factors of u.
2, 3
Let x = -12 - -12. Suppose o = -x*o + 3*r + 5, 3*o + 2*r = 59. List the prime factors of o.
17
Suppose -3*x = -s, -s - 6*x = -x - 8. Let j be (-15)/(-5)*(-1 + 2). Suppose 0*n + n - s*b - 22 = 0, 0 = j*n + 4*b - 1. What are the prime factors of n?
7
Let k(q) = -6*q + 9. List the prime factors of k(-8).
3, 19
